d by 17.
16
Suppose -158 + 30 = -4*d. What is the remainder when d is divided by 12?
8
Let j = -26 - -58. Calculate the remainder when j is divided by (-1)/((-36)/34 + 1).
15
Let f be 1 + 141 - (0 - -1). Let s = f - 79. Calculate the remainder when s is divided by 16.
14
Let y(g) = -g + 7. Let p = 4 + -10. Calculate the remainder when (0 - p) + (1 - 3) is divided by y(5).
0
Let w be 3/(18/3)*4. Suppose f - w*q + 1 = 0, -2*f = -5*q - 0 + 1. Calculate the remainder when (-1 - f)/((-4)/(-14)) is divided by 3.
1
Suppose 125 + 11 = 4*p. Let k = 115 + -97. Calculate the remainder when p is divided by k.
16
Suppose 2*q = 5*g + 104, -133 = -2*q + 3*g - 33. Calculate the remainder when q is divided by 12.
11
Suppose 2*v + 23 = -4*m - 23, -5*m = v + 50. Let d = 44 + m. Suppose 3*u - d = -2*u. Calculate the remainder when u is divided by 4.
3
Suppose -3*k + 3 = -237. Suppose 2*h - h = 5*x - 80, 5*x = 5*h + k. Calculate the remainder when 45 is divided by x.
13
Let q = 8 + -3. Calculate the remainder when 14 is divided by q.
4
Suppose d - 2*d = 3. Let n = 11 + -5. Calculate the remainder when 2 - ((-13 - -1) + d) is divided by n.
5
Suppose 12 = u - 9. What is the remainder when 56 is divided by u?
14
Calculate the remainder when 8 is divided by 6/(-6 + 4) - -5.
0
Let g = -9 - -11. What is the remainder when 2*(62/4 - 1) is divided by g*-4*(-2)/1?
13
Suppose 3*l + 0*l - 24 = 0. Let x(k) = -3*k - 5. Calculate the remainder when x(-6) is divided by l.
5
Suppose -5*o - 210 = -5*i, 2*i + 4*o + 30 = 3*i. What is the remainder when i is divided by 11?
2
Suppose -5*x + 5*r + 49 = -3*x, 4*r + 4 = 0. Let p = x + 13. What is the remainder when p is divided by 12?
11
Suppose u + 2 = 0, -3*u + 1 - 13 = -3*n. Suppose 0 = n*i + 3*i - 75. Let r(p) = -p**3 + 8*p**2 - 5*p. Calculate the remainder when r(6) is divided by i.
12
Let y(r) = -r**3 - 2*r**2 - 2*r - 1. Let z be y(-2). Suppose -z*m + 104 = m. Calculate the remainder when m is divided by 14.
12
Let d = 10 + -6. Suppose -d*r = 38 - 6. Let h(c) = -c**3 - 8*c**2 - 3*c + 2. Calculate the remainder when h(r) is divided by 14.
12
Let d(l) = 3*l + 14. Let g be d(-11). Let h = 3 - g. Suppose 0 = -3*x - 3*v - 2*v + 44, x - 24 = -4*v. What is the remainder when h is divided by x?
6
Suppose 2*v - 45 = 27. Calculate the remainder when v is divided by 13.
10
Suppose -4*j = p + 4*p - 58, -2*p = -4. Calculate the remainder when 29 is divided by j.
5
Let c = 7 - 4. Suppose -s + 2*x = -17, -s + 13 = c*x - 19. Let f(d) = -2*d**2 + 45*d - 14. What is the remainder when s is divided by f(22)?
7
Let p(c) = -c**2 - 2. Let h be p(-2). Let g(t) = -t - 3. Let o be g(h). Suppose -o*d + 22 + 14 = 0. What is the remainder when d is divided by 7?
5
Let t(p) = p**2 + 3*p + 3. Let b be t(-4). Suppose z = b + 14. What is the remainder when z is divided by 11 + -2 + 2/1?
10
Suppose k = -l + 8, 4*l - 37 = -2*k - 13. What is the remainder when 14 is divided by l?
2
Suppose 5*c - p - 63 = 0, -3*c - 4*p + 24 = -0*c. Let y = -2 + c. What is the remainder when 29 is divided by y?
9
What is the remainder when 4 - -1 - 2/(-1) is divided by (-6*(3 + -2))/(-2)?
1
Suppose 21*w + 9 = 22*w. Suppose 0 = -4*a + 3*a + 35. Calculate the remainder when a is divided by w.
8
Let o = -17 - -28. Let t(x) = x**2 - x + 1. What is the remainder when o is divided by t(2)?
2
Let i = 33 - 11. Calculate the remainder when 129 is divided by i.
19
Let f = 1 + 1. Let x(l) = 2*l**2 - 2*l + 1. Suppose -4*q + d + 30 + 42 = 0, 0 = 5*q + 5*d - 65. Calculate the remainder when q is divided by x(f).
2
Let j(c) = -c**2 + 7*c - 1. Calculate the remainder when (54 + -2)/(-1*(-6 + 5)) is divided by j(4).
8
Suppose -c - d + 3 = 0, -3*c + 2 = 5*d - 1. Let k be (-5*2)/(3 - 5). Let v(o) = 2*o + 7. What is the remainder when v(k) is divided by c?
5
Let l be (-6)/9 - (-14)/3. Suppose -l*u = -6*u + 22. Calculate the remainder when 19 + (-2)/1 + 3 is divided by u.
9
Let z(g) = -6*g - 4. Let a be z(-2). Let s = a + 0. What is the remainder when 13 is divided by s?
5
Suppose 4*u + 3*t = 83, 37 = -3*u - 3*t + 103. Let q = -14 + u. What is the remainder when 11 is divided by q?
2
Let r(a) = a**2 - 10*a. Suppose 0 = -4*k + u + 156, 3*u + 77 = 2*k - 11. Suppose -17 = -5*l + k. What is the remainder when r(l) is divided by 4?
3
Suppose 0 = -x - 5*r - 9 + 50, -3*x + 3*r + 177 = 0. Let v be 2 + (-4)/(1 - -1). What is the remainder when x is divided by (0 - -1) + 18 - v?
18
Let c = 174 - 145. Calculate the remainder when 84 is divided by c.
26
Let s = -23 - -25. Let h = 0 + -3. Let k = h - -6. Calculate the remainder when k is divided by s.
1
Let i(m) = -m**3 - m**2 + 6*m + 6. Let a be i(-4). Suppose 0 = -5*o + z - 91 + a, -o - 14 = -2*z. Let b = -8 - o. What is the remainder when b is divided by 3?
1
Suppose 96 = 4*c - 3*z, 2*c + 38 = 4*c + z. What is the remainder when 39 is divided by c?
18
Let x = 13 + -40. Let q = x + 50. What is the remainder when q is divided by 13?
10
Let w be (11 + -13)/(2/32). Let t = 62 + w. Calculate the remainder when t is divided by 8.
6
Let c be (14/3)/((-6)/27). Let s = 10 + -6. Calculate the remainder when 19 is divided by (-153)/c - s/14.
5
Suppose 3*n - 328 = -5*o, 148 - 678 = -5*n - 5*o. Calculate the remainder when n is divided by 13.
10
Let s(g) = g**2 - g - 8. Let d be -3 + (3 - 2) + -4. What is the remainder when s(d) is divided by 12?
10
Suppose 5*f + 36 = 271. Let w = -22 + f. Suppose d - 16 = 5*x, 0 = 2*d - 2*x - w + 1. Calculate the remainder when 31 is divided by d.
9
Let i(b) = -b**3 + 6*b**2 + 8*b. Let p be i(7). What is the remainder when 58 is divided by (-17)/(-1) + -4 + p?
18
Suppose 2*h - 2*a - 12 = 110, -3*h = -5*a - 185. Calculate the remainder when h is divided by 24.
12
Suppose 4*q + 14 = 4*x + 2, q - 17 = -3*x. Suppose -2*y = -5*o + 5 - 18, 0 = -x*o + 25. Calculate the remainder when 54 is divided by y.
16
Suppose -b + 7*f - 8 = 4*f, 4*b = f - 10. Let n be (4/(-6))/(b/87). Suppose 26 + n = g. What is the remainder when g is divided by 19?
17
Suppose 0 = -5*k + 16 + 9. Suppose k*r = r + 36. Suppose -5 = 4*v - 5*v. Calculate the remainder when r is divided by v.
4
Let j = 20 - 7. Let o(v) = -5*v**3 + v - 1. Let h be o(-3). Suppose -16 = -3*w + h. Calculate the remainder when w is divided by j.
10
Let u = 5 + -2. Suppose -u*d + 51 + 33 = 0. What is the remainder when d is divided by 6?
4
Let f = 27 + -69. Let g = f - -76. Calculate the remainder when g is divided by (64/40)/((-4)/(-30)).
10
Let s(o) = o - 31. Let k be s(9). Let m = -4 - k. Calculate the remainder when 52 is divided by m.
16
Let t(z) = z**2 - 2*z + 1. Let f be t(1). Suppose y - 5*y + 16 = f. Suppose y*x + 16 = 44. Calculate the remainder when x is divided by 4.
3
Let f(w) = w + 1. Calculate the remainder when 53 is divided by f(10).
9
Let f(s) = 3*s - 12. Suppose 122 = 4*a + 2*h, 0 = -2*a + 2*h - 7*h + 41. Calculate the remainder when a is divided by f(10).
15
Suppose 2*w + w = 9. Suppose -w*b + 81 = -0*b. Suppose 2 = -5*n + b. Calculate the remainder when 14 is divided by n.
4
Let u(g) = 6*g**3 - g**2 - g + 1. Let w be u(1). Let b = w - -16. Let s(z) = 2*z**2 - 3*z + 7. Calculate the remainder when s(6) is divided by b.
19
Suppose -76*j + 33 = -73*j. Calculate the remainder when 12 is divided by j.
1
Let z(j) = -j**3 + 5*j**2 + 8*j - 1. Suppose -27 = -2*n - 3*v, -2*v = 4*n - 8 - 26. What is the remainder when 20 is divided by z(n)?
9
Suppose -45*m + 470 = -40*m. Calculate the remainder when m is divided by 24.
22
Suppose m + 3*m - 16 = 0. Suppose l = 4*p - m - 14, -l = -5*p + 23. What is the remainder when 13 is divided by (5 - l)/(3/7)?
6
Let w = -1 - -6. Suppose 5*d + b + 2*b = 42, 3*d - 5*b - 32 = 0. What is the remainder when d is divided by w?
4
Let r = 17 - 9. Suppose -4 = -4*g - 2*j, 3*g + g - j - 16 = 0. Calculate the remainder when r is divided by g.
2
Suppose 39 = 5*m - 2*m. Let k be (-8)/12 + 106/6. Let o = k + -12. Calculate the remainder when m is divided by o.
3
Suppose 207 = 8*t + 71. What is the remainder when t is divided by 9?
8
Let j be (-2)/(-12) - 207/(-54). Suppose 0 = j*g + 5*f - 291, g + 2*g - 223 = f. Calculate the remainder when g is divided by 25.
24
Suppose 3*p = 2*q + p - 262, 0 = -q - p + 129. What is the remainder when q is divided by 19?
16
Let r be 